Let n = 9 - 9. Suppose -2 = 2*x + 4*y, -y = x - 4*x + 4. Let v(o) = -6*o + x + 5*o + 7. Determine v(n).
8
Let i(v) = -53*v**2 + 25*v + 85. Let j(s) = 29*s**2 - 12*s - 43. Let w(z) = -6*i(z) - 11*j(z). Determine w(-16).
-5
Let v be (36/(-21))/4 - 20/(-14). Let j(i) = 5*i + 2. Determine j(v).
7
Let p(b) be the first derivative of -5*b + 14 - 1/4*b**4 + 1/2*b**2 - 4/3*b**3. Calculate p(-5).
15
Let a(l) = 2*l**3 - 3*l**3 - 6*l**2 - 8 - 197*l + 196*l. Suppose 11 = 5*k - 4, 18 = -5*i - 4*k. What is a(i)?
-2
Suppose -61*d = -60*d - 5. Let l(q) = -13*q**3 + 10*q**2 + 9*q + 4. Let v(j) = 7*j**3 - 5*j**2 - 5*j - 2. Let p(a) = -6*l(a) - 11*v(a). Determine p(d).
3
Let q = 8 + -2. Let x(j) be the first derivative of j**5/40 - 3*j**4/8 - 2*j**3/3 - 21. Let f(c) be the third derivative of x(c). What is f(q)?
9
Let p(l) be the first derivative of l**4/4 - 5*l**3/3 - 9*l**2/2 + 9*l - 177. Calculate p(6).
-9
Let o(c) = -c**3 - 8*c**2 - 9*c - 5. Suppose -6*a = 7*a + 91. Determine o(a).
9
Suppose 1 = -7*r - 6. Let v(p) = -p + 1. Let c be v(r). Let x(j) = j**3 - j**2 + j. What is x(c)?
6
Let o be 5/3 - 6/9. Let i(c) be the third derivative of c**5/120 + c**3 + c**2. Let r(x) be the first derivative of i(x). What is r(o)?
1
Let y(b) = -2*b + 10. Let p be y(0). Suppose j + 3*o = 2*o, -j = 3*o + p. Let g(d) = -2*d - 2. Determine g(j).
-12
Suppose -3*x + 42 = 15. Let a = x - 9. Suppose -7 = -a*q - 7*q. Let i(w) = -11*w**2 + 1. What is i(q)?
-10
Let g(m) = -4*m + m**3 - 16 + 18*m**3 - 18*m**3 - 7*m**2 - 2*m**3. What is g(-7)?
12
Let z(b) = 2 - 1 + 0*b**2 + 2*b + 7*b**2. Let j = -11 - -25. Suppose x + 0*x - 5*i = j, 3*x + 5*i + 18 = 0. What is z(x)?
6
Let q(m) = 5*m - 1. Let i be (-4 - 0) + (-9 - -5). Calculate q(i).
-41
Let j(z) = -12 + 166*z**3 - 167*z**3 + 7 + 4*z**2 + 5*z. Calculate j(5).
-5
Let k(q) be the third derivative of q**4/8 + 32*q**3/3 + 153*q**2. Calculate k(-19).
7
Let p(r) = -4*r**2 - 2*r + 1. Let k be 9/(108/8) + (-11)/3. Let a be -2 - (6/k + (-2 - -4)). What is p(a)?
-11
Let y(p) be the second derivative of p**5/120 - p**4/24 - p**3/6 + 17*p. Let q(u) be the second derivative of y(u). Determine q(-7).
-8
Let t(p) = -6*p - 8. Let n(b) be the first derivative of -7*b**2/2 - 9*b - 1. Let v(k) = -5*n(k) + 6*t(k). Let d = 17 + -24. Determine v(d).
4
Let g(m) = 0*m**2 + 25 - 2*m**2 - 4*m - 29. Let t be g(-5). Let f = -31 - t. Let q(u) = -u**3 + 4*u**2 - 2*u - 2. Calculate q(f).
1
Suppose -25 = 3*o + 2*b, 3*b - 8*b + 4 = -2*o. Let t(j) = j**2 + 4*j - 17. What is t(o)?
4
Suppose -2*j - 40 = 3*j. Let i = -5 - j. Suppose -i*z + 2*z = -5*r + 26, 0 = -3*z - 3. Let b(t) = -t**2 + 5*t + 5. Determine b(r).
5
Let y(o) be the first derivative of 2*o**2 - 8*o + 99. What is y(9)?
28
Let s(j) = -504*j + 2*j**2 + 1008*j - 507*j + 3*j**3 + 0*j**2. Suppose a + c = -3*a + 13, -4*a = 3*c - 23. Give s(a).
26
Let w(s) = -10 + s**3 + 0 + 6490*s**2 - 1 - 6507*s**2 + s. What is w(17)?
6
Let i be (-15 - -17) + 0/2. Suppose 14 = -4*p + i. Let h(u) = 3*u + 4. Give h(p).
-5
Let p = -14 - -22. Let v(t) = p + 2*t + 2*t + 9*t + 3*t. Let m(n) = 5*n + 3. Let r(w) = 8*m(w) - 3*v(w). Calculate r(-1).
8
Let k(j) = 53*j + 2. Let w(u) = 10*u + 1. Let y(l) = k(l) - 5*w(l). Determine y(6).
15
Let h(s) = -16*s**2 + 11*s**2 + 77*s**3 - 78*s**3 - 5*s + 2. Give h(-4).
6
Let z(g) = -4*g - 4. Let f = -18 - -20. Suppose -s + r + 2 + f = 0, -2 = 3*s + 4*r. Let q be (3/s)/(6/(-16)). Give z(q).
12
Let s(t) = -2*t - 11. Let q be (6 - (-36)/(-44)) + 6/(-33). Determine s(q).
-21
Let p(s) = -5*s - 7. Let w(f) = -7*f - 6. Let i(z) = -3*p(z) + 2*w(z). Calculate i(-7).
2
Let d(g) = -3*g**3 - 17*g**2 + 7*g + 6. Let s be d(-6). Suppose 2*i - 5*c - 3 = 0, 2*i = c - s*c - 1. Let u(p) = -p**3 - 2*p**2. Determine u(i).
-1
Let z(o) be the second derivative of o**5/20 - 5*o**4/12 - o**3/6 - 110*o. Calculate z(4).
-20
Let h(p) = p**3 - 3*p**2 + 1. Suppose 5*s - 6 = 19. Suppose -5*r + 4*n - s = 2*n, 12 = -3*r + 3*n. Let m be r/((3/9)/1). Calculate h(m).
1
Let d(f) = -8*f**2 + f. Suppose 5*t = 3*x - 50, -4*x + x - 4*t + 14 = 0. Let r = x - 11. What is d(r)?
-9
Let a = 12 + -6. Let x(k) be the second derivative of k**3/2 + 5*k**2/2 - 22*k - 9. Calculate x(a).
23
Let o(n) = -11 + 2 + 7*n**2 - 3*n + 6*n + 4. Calculate o(1).
5
Let v be 9 - (-2)/3*3. Let w(q) = 19 + 21*q - q - 4. Let x(h) = -4*h - 3. Let n(k) = v*x(k) + 2*w(k). What is n(-2)?
5
Let y(x) be the second derivative of -x**5/20 + x**4/4 + x**3/6 - x**2/2 + 21*x. Calculate y(3).
2
Let y(c) = -5*c**3 + 3*c**2 + c + 1. Let v be 0 - (5 - 3 - 4). Let r(l) = 4*l**3 - 3*l**2 - l. Let n(t) = v*y(t) + 3*r(t). Give n(2).
4
Suppose 16*c - 11*c - 165 = 0. Let r = -33 + c. Let v(y) = y**3 + y + 1. Give v(r).
1
Let y(l) = -69 - l + 71 - 101*l**2 + 102*l**2. Calculate y(5).
22
Suppose 6*n = -0*n + 30. Let r be ((-9)/3)/((-9)/12). Let p(d) = r*d + 6*d + 2*d - 5*d + 1 - d**2. Calculate p(n).
11
Let m(i) = 7*i**2 + i - 1. Let u be (344/(-4))/((-8)/4). Let t = u - 42. Calculate m(t).
7
Let g = 5 + 0. Suppose g*i + 11 = -14. Let c(p) = -p**3 - 4*p**2 + p - 2. Give c(i).
18
Let p(r) be the third derivative of r**5/60 - r**4/3 + r**3/2 - 36*r**2. Give p(8).
3
Let o(w) = -3*w**2 - 2*w - 1. Let y = -157 + 153. Let p = y - -2. Determine o(p).
-9
Let h(p) = -12*p - 15. Let m be 13/39 + (2 - (-16)/(-3)). Let s(v) = 4*v + 5. Let z(w) = m*h(w) - 8*s(w). Calculate z(-4).
-11
Let r(t) = -28*t + 30*t - 2 + t**3 + 0 + 4*t**2 - 3 + 7. Suppose 2*w + 4*s = 5*w + 4, -5*w = 5*s + 30. What is r(w)?
-6
Let z(t) = 266*t**3 - 87*t**3 - 87*t**3 - 93*t**3 - 10 - 10*t**2 + 10*t. Calculate z(-11).
1
Let n = -112 + 1345/12. Let k(m) be the second derivative of n*m**4 + 5/2*m**2 - 2*m + 0 + 0*m**3. Calculate k(0).
5
Let s(b) = b - 41. Let p(l) = -41. Let c(a) = 4*p(a) - 5*s(a). Let g be c(7). Let j(x) = x**3 - 7*x**2 + 9*x - 5. What is j(g)?
13
Let r(z) be the second derivative of 2*z**4/3 - z**3/6 - z**2 + z. Let o be r(-1). Suppose 6*b + 4*m - 12 = 2*b, 2*b + m = o. Let i(h) = -h + 4. Calculate i(b).
0
Let h(c) = -13*c. Let d(o) = 38*o. Let i(a) = -4*d(a) - 11*h(a). Let s = 65 - 52. Let n = s - 12. What is i(n)?
-9
Suppose 10 + 3 = f. Suppose 6 = -2*g - 0*t - t, f = -g - 3*t. Let u(l) = -3*l + 2. Let n(p) = -4*p + 1. Let a(z) = -3*n(z) + 2*u(z). Give a(g).
-5
Let t(n) be the third derivative of n**9/60480 - n**8/2520 + n**6/144 + 19*n**5/60 + 15*n**2. Let q(b) be the third derivative of t(b). What is q(8)?
5
Suppose -4*t + 7*k = 8*k - 37, -4*t + 28 = 4*k. Let u(l) = -l**2 + 8*l + 10. Calculate u(t).
-10
Let y be ((-27)/18)/((-3)/4). Let g(l) = 13*l + 3 - 12*l + l**3 - 9*l + 7*l**y. Give g(-8).
3
Let v(f) = -f**2 + 4*f + 3*f**2 - 2*f - 2 - 3*f. Let g be 14/4 - (-183)/(-122). Give v(g).
4
Let o(r) = r**2 - 2*r - 2. Let m be o(-2). Let l = 42 - 36. Let q(c) = -9 - l*c**2 + 2*c**2 + 3*c**2 + 6*c + 2*c. Determine q(m).
3
Let r = -146 - -153. Let m = r - 6. Let z(g) = 5*g**2 - 1. Determine z(m).
4
Suppose -8*f + 3*h + 101 = -12*f, -3*f = -3*h + 81. Let n(m) = -m**2 - 24*m + 57. Determine n(f).
5
Suppose o = i + 4, -2*o + o = 3. Let j(f) = -f**2 - 7*f. Determine j(i).
0
Let v(l) = l**3 + l**2 + 1. Let r(n) = 3*n**2 + 4*n**2 + 0*n**2 - 6*n**2 - 8*n + 5. Let g be r(7). Let q be v(g). Let z(b) = -b. What is z(q)?
3
Let n(p) = -3*p**3 - 3*p + 5. Let q be 1/(-2) - 25/(-40)*-4. Let s(u) = 2*u**3 + u**2 + 4*u - 5. Let b(o) = q*n(o) - 4*s(o). Determine b(5).
-5
Let f(c) = c**3 - 5*c**2 + 3*c. Suppose u - 3*r - 17 = 0, -4*u + r + 4*r = -33. Give f(u).
-6
Let t(u) = 7*u + 12. Let b(f) = 2*f + 1. Let g(n) = -4*b(n) + t(n). Give g(3).
5
Suppose 0 = 3*f + 3*f - 54. Let g = 12 - f. Let w(a) be the first derivative of -a**4/4 + 2*a**3/3 + a**2 - a - 2. Determine w(g).
-4
Let v = -75 - -13. Let l = 61 + v. Let c(u) = 6*u**3 + 2*u + 1. Give c(l).
-7
Suppose 0*i + 6 = 5*v + 2*i, 5*i + 6 = -2*v. Let q(h) = -1 + 2 + 29*h**2 + 4*h - 30*h**v - 14*h. What is q(-9)?
10
Suppose -27*n - 156 = -66*n. Let a(t) = -2*t**3 + 5*t**2 + 2*t + 1. Give a(n).
-39
Let q = 50 + -48. Let i(k) = -12*k**2 + 3*k. Calculate i(q).
-42
Let g(k) be the first derivative of -k**3/3 + k**2 - k + 50. Calculate g(1).
0
Let v = 40 + -35. Suppose 0 = -i + v*i - 4. Let l(a) = -6*a + 1. Give l(i).
-5
Let w(m) = m**2 - 10*m + 10. Let k(z) = z**3 - 27*z**2 + 27*z - 16. L